lculate the highest common divisor of 801 and 580152285.
801
What is the greatest common factor of 17726713 and 1099?
157
Calculate the highest common factor of 327170537 and 29617.
4231
Calculate the highest common factor of 465690 and 2964.
114
Calculate the highest common divisor of 375340 and 3136.
196
Calculate the greatest common factor of 198 and 491369769.
99
Calculate the greatest common factor of 164800 and 264800.
800
What is the greatest common divisor of 2943 and 115722?
27
Calculate the greatest common factor of 2211 and 424142763.
2211
What is the greatest common factor of 2016 and 69451200?
2016
Calculate the greatest common divisor of 38475251 and 6814.
3407
Calculate the greatest common factor of 6851 and 4362761.
221
What is the highest common factor of 2316860 and 49210?
1330
Calculate the greatest common divisor of 3785343 and 39171.
3561
What is the greatest common factor of 23198882 and 35?
7
Calculate the highest common divisor of 1390 and 3241341.
139
What is the highest common divisor of 14112 and 34188?
84
What is the greatest common divisor of 23387008 and 112?
16
Calculate the greatest common factor of 750 and 4197925.
25
What is the highest common factor of 7157 and 765?
17
Calculate the highest common divisor of 155210 and 1144.
22
What is the greatest common factor of 472863 and 606309?
2901
Calculate the greatest common factor of 54 and 43348716.
54
Calculate the greatest common divisor of 12708324 and 15830.
3166
Calculate the greatest common divisor of 2941913 and 91277.
97
What is the greatest common divisor of 465595 and 235755?
845
What is the greatest common factor of 20264261 and 183?
61
Calculate the highest common factor of 2812225 and 289.
17
What is the highest common factor of 179014 and 24569?
79
What is the highest common factor of 3040793 and 1960?
49
Calculate the highest common factor of 6484736 and 73.
73
Calculate the greatest common factor of 3359576 and 9075.
11
What is the highest common divisor of 420376062 and 30726?
3414
Calculate the highest common divisor of 260678 and 4314266.
902
What is the greatest common divisor of 340 and 1210240?
20
What is the highest common divisor of 316 and 31909996?
316
What is the highest common divisor of 585684 and 1836?
1836
What is the greatest common factor of 42508411 and 292?
73
What is the highest common divisor of 987 and 28380527?
329
Calculate the greatest common divisor of 22 and 171748.
2
What is the greatest common divisor of 124 and 6194389?
31
What is the highest common factor of 1065 and 427157655?
1065
What is the greatest common factor of 35586 and 32759549?
659
What is the greatest common factor of 10183 and 44808794?
599
Calculate the highest common factor of 23912 and 764253.
49
What is the greatest common factor of 320792304 and 154?
14
What is the highest common factor of 7 and 13200677?
7
Calculate the highest common factor of 20416 and 2691200.
1856
Calculate the greatest common divisor of 44114 and 78652.
14
Calculate the highest common factor of 5910 and 717133190.
1970
Calculate the greatest common divisor of 91 and 264244981.
91
Calculate the greatest common divisor of 2954 and 2674.
14
What is the greatest common divisor of 6679638 and 530992?
6034
Calculate the greatest common divisor of 1277885 and 5.
5
What is the highest common factor of 10592 and 30327544?
2648
What is the greatest common factor of 674 and 8622?
2
Calculate the greatest common factor of 360 and 60171960.
120
What is the greatest common divisor of 2079490 and 17710?
70
What is the highest common factor of 25572293 and 84205?
1531
Calculate the greatest common divisor of 322 and 181617338.
322
Calculate the highest common factor of 12 and 229551708.
12
Calculate the highest common divisor of 1903200 and 200.
200
What is the highest common factor of 20473617 and 666?
111
Calculate the greatest common factor of 5252 and 415195547.
1313
What is the greatest common factor of 18914295 and 1046?
523
Calculate the highest common divisor of 11658 and 1583160286.
3886
What is the greatest common divisor of 578 and 14539590?
578
What is the highest common factor of 24 and 349390560?
24
What is the greatest common factor of 37473458 and 484?
242
Calculate the greatest common factor of 65 and 296750909.
13
What is the greatest common factor of 14490 and 179568?
18
What is the highest common divisor of 847573074 and 1266?
1266
What is the greatest common divisor of 232 and 167310976?
232
Calculate the greatest common divisor of 8228 and 32572.
68
What is the highest common factor of 3754 and 12446387?
1877
What is the greatest common factor of 3968 and 3744600?
8
Calculate the greatest common factor of 103823 and 4371.
47
What is the greatest common divisor of 975933 and 140?
7
What is the highest common divisor of 30 and 481095870?
30
Calculate the greatest common factor of 2607 and 24159543.
237
Calculate the greatest common divisor of 933513 and 5439.
21
What is the greatest common divisor of 376 and 7748467?
47
What is the highest common divisor of 3007286 and 814?
74
What is the highest common divisor of 4529 and 15051161?
647
Calculate the greatest common factor of 974964 and 9718.
226
Calculate the greatest common divisor of 308786 and 362.
362
What is the greatest common factor of 13038115 and 25190?
1145
Calculate the highest common divisor of 7464554 and 678.
226
What is the greatest common divisor of 238725 and 245625?
75
Calculate the greatest common factor of 240 and 40013520.
240
Calculate the greatest common factor of 452463 and 14487.
33
Calculate the greatest common divisor of 427 and 7312619.
61
What is the highest common factor of 417 and 485125846?
139
Calculate the greatest common factor of 2731677 and 12675.
39
What is the highest common divisor of 141 and 49236589?
47
What is the greatest common divisor of 4420 and 33811505?
65
What is the greatest common divisor of 1122 and 326480308?
374
Calculate the highest common divisor of 60 and 202212.
12
Calculate the highest common divisor of 4849378 and 5246.
122
Calculate the greatest common factor of 2086928 and 10547.
53
What is the greatest common factor of 176 and 48206708?
44
What is the greatest common factor of 219 and 31922900?
73
What is the highest common factor of 148 and 754393?
37
Calculate the greatest common divisor of 18278 and 589342.
494
Calculate the highest common divisor of 5642032 and 528.
176
What is the greatest common factor of 22383 and 31131?
27
Calculate the highest common factor of 313088411 and 6185.
1237
Calculate the highest common factor of 1740 and 379668.
348
Calculate the greatest common factor of 7 and 22996568.
7
What is the highest common divisor of 52377084 and 288?
36
Calculate the highest common factor of 53591605 and 20.
5
What is the highest common factor of 35894035 and 172?
43
What is the greatest common factor of 1344 and 3580?
4
What is the highest common divisor of 1282 and 14565?
1
Calculate the highest common factor of 97 and 46217299.
97
What is the highest common divisor of 190 and 414355?
5
What is the highest common factor of 69003 and 73494927?
1683
What is the highest common divisor of 100352 and 1871408?
784
Calculate the highest common factor of 43312 and 33509953.
2707
Calculate the greatest common factor of 36079596 and 3248.
812
What is the greatest common divisor of 8 and 6593030?
2
Calculate the greatest common factor of 1385 and 3242675.
5
What is the greatest common divisor of 239615119 and 226423?
11917
Calculate the highest common factor of 38227 and 861161.
301
What is the greatest common factor of 965 and 22504765?
965
What is the highest common factor of 54692 and 362052?
452
Calculate the greatest common factor of 3688 and 72.
8
What is the greatest common divisor of 16728 and 663816?
408
What is the highest common factor of 5774670 and 9?
9
Calculate the greatest common factor of 132179 and 1687149.
131
Calculate the greatest common divisor of 629091 and 774.
9
Calculate the greatest common factor of 1373269 and 175767.
1429
Calculate the greatest common divisor of 27057 and 1821.
3
Calculate the highest common factor of 1341 and 13075197.
447
What is the highest common divisor of 333 and 114216262?
37
Calculate the highest